{"id":9,"date":"2017-10-25T15:20:57","date_gmt":"2017-10-25T13:20:57","guid":{"rendered":"http:\/\/fysioterapiholte.dk\/?page_id=9"},"modified":"2024-11-04T09:02:11","modified_gmt":"2024-11-04T08:02:11","slug":"kontakt","status":"publish","type":"page","link":"https:\/\/fysioterapiholte.dk\/?page_id=9","title":{"rendered":"Find os"},"content":{"rendered":"<pre><a href=\"https:\/\/map.krak.dk\/?index=yp&amp;id=66172088&amp;query=\">https:\/\/map.krak.dk\/?index=yp&amp;id=66172088&amp;query=\r\n<\/a>\r\nAdresse:<strong> R\u00f8nneb\u00e6rvej 14, 1 TV.<\/strong> \r\n<strong>         2840 Holte\r\n<\/strong><\/pre>\n<p>Gratis parkering p\u00e5 p-pladsen ved togbanen overfor klinikken.<\/p>\n<p>Vi er beliggende p\u00e5 1 sal og har desv\u00e6rre ikke elevator.<\/p>\n<p>Vi ligger t\u00e6t p\u00e5 Holte Midtpunkt og ca. 10 min. gang fra Holte st.<\/p>\n<p>S-tog linje E , A og B<\/p>\n<p>Bus ruterne 195, 193, 199, 170 og 184<\/p>\n","protected":false},"excerpt":{"rendered":"<p>https:\/\/map.krak.dk\/?index=yp&amp;id=66172088&amp;query= Adresse: R\u00f8nneb\u00e6rvej 14, 1 TV. 2840 Holte Gratis parkering p\u00e5 p-pladsen ved togbanen overfor klinikken. Vi er beliggende p\u00e5 1 sal og har desv\u00e6rre ikke elevator. Vi ligger t\u00e6t &#8230;<\/p>\n","protected":false},"author":1,"featured_media":0,"parent":0,"menu_order":0,"comment_status":"closed","ping_status":"open","template":"","meta":{"footnotes":""},"class_list":["post-9","page","type-page","status-publish","hentry"],"_links":{"self":[{"href":"https:\/\/fysioterapiholte.dk\/index.php?rest_route=\/wp\/v2\/pages\/9","targetHints":{"allow":["GET"]}}],"collection":[{"href":"https:\/\/fysioterapiholte.dk\/index.php?rest_route=\/wp\/v2\/pages"}],"about":[{"href":"https:\/\/fysioterapiholte.dk\/index.php?rest_route=\/wp\/v2\/types\/page"}],"author":[{"embeddable":true,"href":"https:\/\/fysioterapiholte.dk\/index.php?rest_route=\/wp\/v2\/users\/1"}],"replies":[{"embeddable":true,"href":"https:\/\/fysioterapiholte.dk\/index.php?rest_route=%2Fwp%2Fv2%2Fcomments&post=9"}],"version-history":[{"count":9,"href":"https:\/\/fysioterapiholte.dk\/index.php?rest_route=\/wp\/v2\/pages\/9\/revisions"}],"predecessor-version":[{"id":288,"href":"https:\/\/fysioterapiholte.dk\/index.php?rest_route=\/wp\/v2\/pages\/9\/revisions\/288"}],"wp:attachment":[{"href":"https:\/\/fysioterapiholte.dk\/index.php?rest_route=%2Fwp%2Fv2%2Fmedia&parent=9"}],"curies":[{"name":"wp","href":"https:\/\/api.w.org\/{rel}","templated":true}]}}